ate -5 + (13 - -13) + -14.
7
Evaluate -39 + 1 - (2518 + -2581).
25
What is the value of (-7 - -2) + 1 + 2 - (0 + -6)?
4
320 + -323 + 2 + 12
11
(3 - 4) + (-21 - -35) + 18
31
What is 0 - 9 - (-22 - (-4 - 3)) - -9?
15
27 - (21 + 21 + 4)
-19
What is the value of 2 + -6 - (-153 + 144)?
5
Evaluate 7 + -4 + 4 - (-8 + 12).
3
What is 0 + (-5 - -17) + (-1 - 2 - -2)?
11
What is the value of 3 + 18 + -40 - -40?
21
-2 - -14 - (4 - (-12 - -10) - 9)
15
14 + -11 + 8 + 4 - 15
0
Calculate (-1 - -9) + -18 - (-16 - (-5 + -5)).
-4
(-8 + -25 - -7) + 48
22
What is (10 - (2 - 7)) + -15?
0
Evaluate (1 - -2) + 3 + 9 + (-31 - 0).
-16
What is (-12 - -17 - -11) + -14?
2
What is -16 + 7 - -11 - -5 - 13?
-6
(-8 - -5) + 4 + -2
-1
-16 + (51 - (-39 - -71))
3
Evaluate -40 + 15 + 18 + -20.
-27
Evaluate 9 - (-10 - -7 - 7 - -16).
3
What is -3 - (-19 - -4) - 9?
3
7 - (-6 - -5) - (-5 - -1)
12
40 - 1 - (-1062 + 1101)
0
What is -8 - (-30 + 13) - (-1 - 11)?
21
Evaluate 7 + 14 + -21 + 3 + 1 - -9.
13
What is the value of 9 - ((-12 - -2) + -5 + 10)?
14
-5 + -4 + (9 - (22 - 10)) + 7
-5
Calculate 23 + -2 - (-150 - -157).
14
What is the value of (4 - 2) + (5 - 5) + (2 - 5)?
-1
Calculate -268 - -266 - ((-2 - 0) + 0) - -14.
14
Calculate -2 - -14 - (-23 - (-46 + 25)).
14
Evaluate 6 - (9 + 13 + (-8 - (1 + -3))).
-10
What is (-49 - (-58 - -26)) + 33?
16
What is (-16 - -5) + 4 + 1?
-6
40 - (10 - -22) - -9
17
Calculate 21 + -6 + 6 + (-10 - 11).
0
37 - ((-29 - -35) + 21)
10
What is the value of (2 - 2) + -287 + 255?
-32
What is the value of 32 + (11 - 4 - 27)?
12
Evaluate 130 + -117 - (-2 + (-2 - (1 + -2))).
16
What is the value of (21 - 11) + 87 + -86?
11
Evaluate -6 - (-18 + 3 + -5).
14
Calculate 10 + -21 - (10 - 52).
31
What is 7 - (19 - 18 - 8)?
14
What is the value of 14 + -15 + 6 + (4 - 5)?
4
Evaluate 2 + 5 + 6 + -4 + 10 + -17.
2
Evaluate 40 + -39 + -30 + 33.
4
Calculate 15 - (-3 + (5 - -5)).
8
What is 5 - (1 + 2) - (-4 - (-4 + -5))?
-3
What is (25 - 0) + 188 + -185?
28
(7 - (-5 - -9)) + -4 - (-17 + 1)
15
Evaluate -3 + -9 + 8 - (-18 - (12 - 11)).
15
Evaluate -20 - (20 + -31) - (0 - -3).
-12
What is the value of 2 - 4 - 7 - (-110 + 104)?
-3
What is (-12 - -8) + -5 - -15?
6
What is the value of 6 + (8 - -6) + -24?
-4
Evaluate (10 - (-12 - -45)) + 28.
5
5 + 32 + -79 + 69 + -1 + 0
26
8 + 0 - (-37 - (-41 - 2))
2
What is the value of 1 + -13 + 8 + (17 - -3)?
16
What is 3 + -10 + 6 + 13?
12
Evaluate 4 + -5 + (-15 - -26).
10
What is the value of (5 - 3) + (-1 - (0 - (1 + -1)))?
1
What is 13 - (10 - 10 - (-4 - -2))?
11
What is (16 - (4 + -1)) + -25 + -9?
-21
2 + (-3 + -2 - (2 + (-2 - -1)))
-4
Evaluate -13 - (-17 + -1 + -7).
12
1 - -13 - (14 - (-16 + 39))
23
Evaluate (-23 + 41 + -11 - (0 + -2)) + 17.
26
Calculate 22 + (-32 - 12) + 7.
-15
(5 - 1) + (16 + 2 - 15)
7
Calculate 20 - (9 + -2 + 9 + -8).
12
Calculate -5 - (-4 + (-3 - -10) + -14).
6
What is the value of 1 - 1 - (24 + -28)?
4
Evaluate -2 - (-13 + (4 - 0 - 1)).
8
Calculate 32 - (13 + (-11 - (6 - 16))).
20
Evaluate 6 - 2 - (1 + -16 - -11).
8
338 + -341 - (-26 + -1)
24
Calculate -9 - (-1 + (7 - -1) - 20).
4
Calculate (0 - (0 - -2 - -1)) + (-5 - 0).
-8
Evaluate (-5 - (10 - 12 - 10)) + -8.
-1
Evaluate (3 - 1) + 145 + -155.
-8
(-1 + -2 - 1) + 3 - (3 + 11)
-15
What is 9 + 2 + -2 + 4 - -5?
18
Calculate 5 + 1 + -2 + (-5 - 0) - -19.
18
Evaluate (0 - 4) + 63 + -53 + 8.
14
Evaluate 14 + ((0 - -16) + -12 - 8).
10
What is the value of 70 - 64 - (1 + 1 + 1)?
3
Evaluate -12 - (-1 + -13) - 11.
-9
What is the value of (14 - (-2 + 9)) + 14 + -28?
-7
Evaluate (-38 - -55) + (-1 - 8).
8
What is the value of -11 + 2 + -18 + -7 + 19?
-15
Evaluate 102 + -94 - (2 + 1).
5
Evaluate -1 + (4 - -4) - (-10 + 3 - -3).
11
35 - (-35 + 97 + -31)
4
Evaluate 1 + -16 + (-17 - -22 - -4).
-6
28 + -2 + 2 + (2164 - 2174)
18
-10 + (-16 - (9 - (8 - -26)))
-1
What is 16 + 0 + 1 + (15 - 24) + 4?
12
What is the value of (-69 - -46) + -1 + 10?
-14
Calculate (2 - 29 - 3) + -9 - -5.
-34
1 - (1 - 4) - (4 - (21 + 0))
21
Calculate -4 + -4 + 10 + -12 + -4.
-14
Evaluate 1 - 3 - (19 - 20).
-1
Calculate 6 - 12 - -24 - 8.
10
What is the value of (5 - -1) + 28 + 5 + -20?
19
Calculate -29 + 11 + 9 - (-1 - 7).
-1
Evaluate 0 + 2 + (3 - ((-5 - 0) + 4)).
6
Calculate (8 - (10 + -10 - -7)) + -1 + -10.
-10
What is the value of -45 - -44 - (-4 - (-22 - -3))?
-16
Evaluate -56 + 55 - (-6 + 7).
-2
What is the value of -17 + (12 - (-7 - -14))?
-12
Calculate (15 - 1 - (80 - 71)) + -24.
-19
Evaluate 19 + 16 + -1 + 4 + 23 + -35.
26
Calculate (-11 - -23) + 40 + -53.
-1
Evaluate -101 - -125 - (-3 - -15).
12
Calculate -7 + 3 - (2 + -2 + 3 + -8).
1
What is the value of -9 + (-1 - 3) - 6?
-19
What is the value of (-5 - -6 - -2) + (4 - (3 + 5))?
-1
What is 4 - 10 - (-4 - (1 + 0)) - 11?
-12
Evaluate 11 + -45 + 30 + (-7 - (1 - 0)).
-12
Calculate 22 + -1 + -9 + -8.
4
Evaluate 62 + (20 - 50) + -1 + -11.
20
-1 + -13 - ((3 - 19) + 7)
-5
2 - (-29 - 1) - (11 + -4)
25
Evaluate (-24 - -1) + -24 + (-18 - -54).
-11
What is the value of -74 - (-45 - (29 + -35))?
-35
-59 + (-6 - -39) + 56
30
What is the value of (-1 - 6) + (28 + -25 - (13 - 15))?
-2
What is the value of -5 + 30 + -31 + 0 + 15?
9
Calculate 10 + -10 + -1 + -1.
-2
17 + 10 + -9 + -8
10
What is 6 + (2 + -3 - -4) + (21 - 28)?
2
What is -7 + -3 - (1 + -15 + -13)?
17
33 + -12 - (6 + 6)
9
Evaluate -7 + (-7 - (3 - 11)) + 19.
13
What is the value of 3 + 5 + 6 + -13?
1
Evaluate (-312 - -312) + (-6 - (-1 - 0)) - 4.
-9
0 + -31 + -2 + (-29 + 39 - 0)
-23
Calculate 3 + -2 + 27 + -15 + -10.
3
6 + -17 + 18 - 10
-3
What is the value of -12 + 2 + (1 - -1) + 12?
4
Evaluate -9 + -11 + (4 - -17) + 8.
9
What is (2 - 13) + (21 - (-13 + 34)) - 22?
-33
Evaluate -12 - (-8 - 1 - (33 + -32)).
-2
What is the value of 4 + (0 - (11 + 4 + -9)) - -4?
2
What is the value of -17 + 52 + -28 - 30?
-23
Calculate -21 + 30 + 8 + 1 + (-2 - -2).
18
Calculate -29 + 5 + 9 - -10.
-5
Evaluate 1 - (8 + (37 - 23) - (-6 + 2)).
-25
-1 + -15 - 0 - (128 + (-137 - -13))
-20
Calculate -16 + 0 - (1158 - 1177).
3
What is the value of 2 + 0 + 14 + 0 - (-134 + 130)?
20
What is the value of -14 + (9 - (-2 + 7 + -4))?
-6
Calculate -32 - (-5 - 42) - 4.
11
-8 + (-3 - (-13 + -7)) + 3
12
(44 - 3) + -13 + -25
3
Evaluate (0 - 4) + (29 - (40 + -21)).
6
Calculate (-11 - (-1 + -1)) + 8 - 4.
-5
Calculate 6 + -2 + 7 + -3.
8
Evaluate 10 - (0 + 32) - -3 - -11.
-8
(-5 - -1 - 4) + 21 + -11
2
Calculate 11 - (1 - -3 - (42 + -38)).
11
What is -11 + -2 + 7 + -1 - -11 - -15?
19
What is the value of (-2 - -10) + -6 + -12 + 10 + -25?
-25
What is the value of 1 + (-14 + -3 - -9 - (7 + -2))?
-12
What is -14 - (-14 - -2 - (2 - 12))?
-12
-23 + 2 - (336 + -367)
10
Evaluate 3 + (-30 - (-4 - 12)) + -9.
-20
What is 4 + -1 + (5 + -35 - -6) - -1?
-20
Calculate 9 + (4 - -15) + -9 - 8.
11
6 - (-5 - -4 - -3) - (-14 + 6)
12
What is the value of 5 + -6 + (-8 + -2 - -10)?
-1
Calculate 865 + -867 + (-1 - (-1 + 1)).
-3
(3 - -2) + 17 + -27
-5
What is -60 - -39 - (0 - 16)?
-5
What is 10 - (22 - 35 - -9)?
14
What is the value of 9 - 11 - 8 - (2 + -4)?
-8
Evaluate 4 + -8 + (-6 + 2 - -19).
11
46 + -50 - (3 - (2 + 0))
-5
What is (-14 - (-11 + (7 - 5))) + 2?
-3
What is -16 + -3 + 2 + (43 - -5)?
31
Evaluate (43 - -11) + -15 - 0 - 11.
28
Calculate 90 - 84 - (18 - 5).
-7
What is (-6 - (-2 + 6)) + -1?
-11
What is (27 - 37) + 1 + 0 + -4?
-13
137 + -141 - (-40 + -3)
39
Evaluate -7 + 1 - (8 - 23).
9
Calculate -5 + (-191 - -184) + -1 + -1 + -6.
-20
What is the value of 11 + (-1 - 2) - (-113 - -101)?
20
What is 17 - (15 + -18 - -18)?
2
Evaluate -2 + -14 - ((-15 - -23) + 6).
-30
Evaluate (-33 - (-39 + 10 + 12)) + 13 + -2.
-5
What is the value of 29 + -14 - 8 - 17?
-10
Calculate -3 + 3 + -6 + -5 + 25.
14
Evaluate 12 + -18 + (2 - -6 - 5).
-3
Calculate 3 + (2 + 10 + (-7 - -2) - 1).
9
44 + -46 + 23 + -5
16
Calculate -6 - (-100 - -97 - (2 - (-1 + 2))).
-2
What is the value of (-3 - 1) + 5 + (3 - 1)?
3
0 - -5 - (16 - 17) - -1
7
Evaluate 4 + -9 - ((7 - -9 - 6) + -6).
-9
Evaluate (6 - 4 - (0 + 2)) + (-58 - -55).
-3
What is 1 - (-2 + -4 + -3)?
10
Evaluate (-4 - (-11 + 1) - 3) + (14 - 20).
-3
Calculate 7 + -11 - (0 + -9 + 2) - -12.
15
Evaluate 8 + (-2 - 9) + -1 + -1 + -1.
-6
What is (-1 + -1 + -7 - (-5 + -4)) + -13?
-13
Calculate -28 + 22 + 15 + 1 + (4 - 2).
12
6 - 6 - (7 - (9 - 5 - 3))
-6
What i